 is the thousands digit of 596055258?
5
What is the thousands digit of 3221726?
1
What is the millions digit of 166809743?
6
What is the hundred millions digit of 369073344?
3
What is the ten thousands digit of 3636316604?
1
What is the hundreds digit of 11332523?
5
What is the hundreds digit of 6110040?
0
What is the hundred thousands digit of 3762219127?
2
What is the ten millions digit of 4346721665?
4
What is the thousands digit of 48682661?
2
What is the hundreds digit of 1423010094?
0
What is the hundreds digit of 397843060?
0
What is the thousands digit of 289301944?
1
What is the millions digit of 545360551?
5
What is the hundred millions digit of 2395234447?
3
What is the tens digit of 64862637?
3
What is the units digit of 612604996?
6
What is the hundreds digit of 26412813?
8
What is the hundred thousands digit of 929281613?
2
What is the hundred thousands digit of 165911655?
9
What is the units digit of 283950016?
6
What is the ten thousands digit of 71241386?
4
What is the billions digit of 1343212991?
1
What is the thousands digit of 13686533?
6
What is the hundred millions digit of 178397929?
1
What is the hundreds digit of 164122310?
3
What is the hundred millions digit of 177070166?
1
What is the units digit of 986504873?
3
What is the hundred thousands digit of 106006741?
0
What is the hundreds digit of 1059864523?
5
What is the tens digit of 2527255655?
5
What is the hundred thousands digit of 266504373?
5
What is the hundreds digit of 80448442?
4
What is the tens digit of 646309943?
4
What is the hundred millions digit of 524222060?
5
What is the thousands digit of 898316325?
6
What is the units digit of 46322007?
7
What is the billions digit of 1466016961?
1
What is the millions digit of 55051691?
5
What is the hundreds digit of 43934033?
0
What is the units digit of 388545492?
2
What is the hundred millions digit of 302638731?
3
What is the millions digit of 1689215873?
9
What is the millions digit of 720295578?
0
What is the millions digit of 139857172?
9
What is the hundred thousands digit of 18618137?
6
What is the millions digit of 37643981?
7
What is the billions digit of 2135455068?
2
What is the tens digit of 91106029?
2
What is the ten thousands digit of 1211257?
1
What is the units digit of 2145351369?
9
What is the hundred thousands digit of 1020948403?
9
What is the millions digit of 32668656?
2
What is the hundreds digit of 36166194?
1
What is the thousands digit of 21188022?
8
What is the units digit of 501859356?
6
What is the ten thousands digit of 2546562?
4
What is the units digit of 1850148093?
3
What is the ten thousands digit of 45215881?
1
What is the hundred millions digit of 137343296?
1
What is the thousands digit of 49386471?
6
What is the ten millions digit of 2724530127?
2
What is the millions digit of 463158757?
3
What is the millions digit of 899898468?
9
What is the millions digit of 345259463?
5
What is the thousands digit of 55148135?
8
What is the millions digit of 4006510186?
6
What is the tens digit of 14709433?
3
What is the hundred thousands digit of 7501018?
5
What is the thousands digit of 298745611?
5
What is the millions digit of 2131439917?
1
What is the hundreds digit of 205364370?
3
What is the units digit of 36584308?
8
What is the millions digit of 9316047?
9
What is the hundred thousands digit of 2858841071?
8
What is the thousands digit of 66458111?
8
What is the ten thousands digit of 1199043585?
4
What is the ten thousands digit of 100068979?
6
What is the tens digit of 3587901915?
1
What is the ten thousands digit of 1438756735?
5
What is the ten millions digit of 219586897?
1
What is the units digit of 518924986?
6
What is the units digit of 2055329776?
6
What is the hundred thousands digit of 182206038?
2
What is the ten millions digit of 147406393?
4
What is the tens digit of 27879870?
7
What is the hundreds digit of 381924062?
0
What is the hundreds digit of 116209900?
9
What is the hundreds digit of 65550708?
7
What is the tens digit of 1072149338?
3
What is the units digit of 38610046?
6
What is the ten thousands digit of 328193535?
9
What is the hundreds digit of 361298451?
4
What is the hundred thousands digit of 81081858?
0
What is the millions digit of 215834659?
5
What is the hundred thousands digit of 35328280?
3
What is the hundred thousands digit of 4598270425?
2
What is the thousands digit of 37958668?
8
What is the hundreds digit of 117970707?
7
What is the tens digit of 215030695?
9
What is the tens digit of 102539262?
6
What is the thousands digit of 120007001?
7
What is the hundred thousands digit of 56648353?
6
What is the millions digit of 16155461?
6
What is the ten millions digit of 52509552?
5
What is the hundreds digit of 90560733?
7
What is the ten millions digit of 366951118?
6
What is the ten thousands digit of 7402955611?
5
What is the ten thousands digit of 108853700?
5
What is the units digit of 171976410?
0
What is the ten thousands digit of 619576606?
7
What is the hundreds digit of 1433096305?
3
What is the ten millions digit of 593411859?
9
What is the ten thousands digit of 645879598?
7
What is the tens digit of 61009511?
1
What is the units digit of 159173026?
6
What is the units digit of 99783395?
5
What is the millions digit of 324734565?
4
What is the hundred thousands digit of 2812964914?
9
What is the ten millions digit of 211665911?
1
What is the tens digit of 67321126?
2
What is the thousands digit of 118348118?
8
What is the millions digit of 1459326181?
9
What is the units digit of 419659094?
4
What is the hundred millions digit of 3194014815?
1
What is the millions digit of 390308434?
0
What is the hundreds digit of 59249053?
0
What is the units digit of 459302069?
9
What is the hundreds digit of 43581563?
5
What is the ten thousands digit of 1064674570?
7
What is the thousands digit of 264613422?
3
What is the ten millions digit of 113930870?
1
What is the units digit of 162353769?
9
What is the ten thousands digit of 81429321?
2
What is the thousands digit of 74072401?
2
What is the units digit of 3722443299?
9
What is the hundreds digit of 2618013565?
5
What is the ten millions digit of 2436170979?
3
What is the units digit of 29152379?
9
What is the hundred millions digit of 1056936904?
0
What is the hundreds digit of 563374799?
7
What is the ten thousands digit of 963482017?
8
What is the hundreds digit of 32878624?
6
What is the thousands digit of 52464296?
4
What is the tens digit of 41506440?
4
What is the hundreds digit of 1045383226?
2
What is the units digit of 39417663?
3
What is the units digit of 763052195?
5
What is the units digit of 2452564616?
6
What is the millions digit of 482951201?
2
What is the tens digit of 24046474?
7
What is the ten millions digit of 145631559?
4
What is the units digit of 301726687?
7
What is the ten millions digit of 42058197?
4
What is the millions digit of 25320114?
5
What is the millions digit of 357130835?
7
What is the ten thousands digit of 891488548?
8
What is the millions digit of 8175559?
8
What is the hundreds digit of 43048176?
1
What is the ten thousands digit of 60916892?
1
What is the ten thousands digit of 50105342?
0
What is the units digit of 681271973?
3
What is the tens digit of 201195912?
1
What is the hundreds digit of 7550181770?
7
What is the ten thousands digit of 5524144?
2
What is the ten millions digit of 60179787?
6
What is the hundred millions digit of 7343813212?
3
What is the thousands digit of 1159651768?
1
What is the ten millions digit of 76488369?
7
What is the millions digit of 79129299?
9
What is the hundred thousands digit of 16150485?
1
What is the millions digit of 86560474?
6
What is the thousands digit of 291408435?
8
What is the tens digit of 19516781?
8
What is the millions digit of 283103865?
3
What is the hundreds digit of 1058017920?
9
What is the hundred millions digit of 490993241?
4
What is the millions digit of 2301596387?
1
What is the hundred thousands digit of 417259456?
2
What is the thousands digit of 714434855?
4
What is the millions digit of 38754661?
8
What is the hundred millions digit of 2114340431?
1
What is the millions digit of 1336713730?
6
What is the hundred millions digit of 1233673804?
2
What is the hundred m